{"id":380,"date":"2024-12-26T08:58:23","date_gmt":"2024-12-26T08:58:23","guid":{"rendered":"http:\/\/localhost\/wordpress\/?post_type=product&#038;p=380"},"modified":"2024-12-26T09:02:05","modified_gmt":"2024-12-26T09:02:05","slug":"nuoc-rua-chen-bat-arius-750ml-huong-chanh-thien-nhien","status":"publish","type":"product","link":"https:\/\/hoachatbachkhoa.com\/?product=nuoc-rua-chen-bat-arius-750ml-huong-chanh-thien-nhien","title":{"rendered":"N\u01b0\u1edbc R\u1eeda Ch\u00e9n B\u00e1t Arius 750ml"},"content":{"rendered":"<h3><strong>N\u01b0\u1edbc R\u1eeda Ch\u00e9n B\u00e1t Arius 750ml<\/strong><\/h3>\n<p>Nh\u00e0 b\u1ebfp lu\u00f4n l\u00e0 tr\u00e1i tim c\u1ee7a ng\u00f4i nh\u00e0, n\u01a1i ch\u00fang ta ch\u1ebf bi\u1ebfn nh\u1eefng b\u1eefa \u0103n th\u01a1m ngon. Tuy nhi\u00ean, sau m\u1ed7i b\u1eefa \u0103n, b\u00e1t \u0111\u0129a b\u1ea9n b\u00e1m d\u1ea7u m\u1ee1 l\u00e0 \u0111i\u1ec1u kh\u00f4ng th\u1ec3 tr\u00e1nh kh\u1ecfi.<br \/>\n\u0110\u1ec3 \u0111\u1ea3m b\u1ea3o v\u1ec7 sinh cho ng\u00f4i nh\u00e0 c\u1ee7a b\u1ea1n, ch\u00fang t\u00f4i t\u1ef1 h\u00e0o gi\u1edbi thi\u1ec7u s\u1ea3n ph\u1ea9m N\u01b0\u1edbc R\u1eeda Ch\u00e9n B\u00e1t Arius, \u0111\u1ed1i t\u00e1c \u0111\u00e1ng tin c\u1eady trong vi\u1ec7c gi\u1eef cho b\u00e1t \u0111\u0129a lu\u00f4n s\u1ea1ch s\u1ebd v\u00e0 l\u1ea5p l\u00e1nh.<\/p>\n<p><strong><br \/>\nT\u1ea1i Sao N\u01b0\u1edbc R\u1eeda Ch\u00e9n B\u00e1t C\u1ea7n Thi\u1ebft?<\/strong><\/p>\n<ul>\n<li>N\u01b0\u1edbc r\u1eeda ch\u00e9n b\u00e1t kh\u00f4ng ch\u1ec9 \u0111\u01a1n thu\u1ea7n l\u00e0 s\u1ea3n ph\u1ea9m v\u1ec7 sinh, m\u00e0 c\u00f2n l\u00e0 m\u1ed9t gi\u1ea3i ph\u00e1p ti\u1ebft ki\u1ec7m th\u1eddi gian v\u00e0 c\u00f4ng s\u1ee9c.<\/li>\n<li>\u0110\u01b0\u1ee3c ph\u00e1t tri\u1ec3n d\u1ef1a tr\u00ean c\u00f4ng ngh\u1ec7 ti\u00ean ti\u1ebfn, s\u1ea3n ph\u1ea9m c\u1ee7a ch\u00fang t\u00f4i c\u00f3 kh\u1ea3 n\u0103ng lo\u1ea1i b\u1ecf d\u1ea7u m\u1ee1 c\u1ee9ng \u0111\u1ea7u, v\u1ebft b\u1ea9n kh\u00f3 t\u1ea9y, v\u00e0 th\u1eadm ch\u00ed c\u1ea3 v\u1ebft \u1ed1 do th\u1ef1c ph\u1ea9m t\u1ea1o ra.<\/li>\n<li>\u0110i\u1ec1u n\u00e0y gi\u00fap b\u1ea1n ti\u1ebft ki\u1ec7m th\u1eddi gian v\u00e0 n\u1ed7 l\u1ef1c trong qu\u00e1 tr\u00ecnh r\u1eeda ch\u00e9n b\u00e1t.<\/li>\n<\/ul>\n<p><strong><br \/>\n\u01afu \u0110i\u1ec3m N\u1ed5i B\u1eadt c\u1ee7a N\u01b0\u1edbc R\u1eeda Ch\u00e9n B\u00e1t\u00a0Arius<\/strong><\/p>\n<ul>\n<li><strong>Hi\u1ec7u Qu\u1ea3 V\u01b0\u1ee3t Tr\u1ed9i<\/strong>: S\u1ea3n ph\u1ea9m \u0111\u01b0\u1ee3c thi\u1ebft k\u1ebf v\u1edbi c\u00f4ng th\u1ee9c \u0111\u1ed9c \u0111\u00e1o, gi\u00fap lo\u1ea1i b\u1ecf d\u1ea7u m\u1ee1 v\u00e0 v\u1ebft b\u1ea9n m\u1ed9t c\u00e1ch d\u1ec5 d\u00e0ng, \u0111\u1ed3ng th\u1eddi \u0111\u1ea3m b\u1ea3o s\u1ef1 s\u1ea1ch s\u1ebd cho b\u00e1t \u0111\u0129a.<\/li>\n<li><strong>An To\u00e0n cho Da Tay v\u00e0 M\u00f4i Tr\u01b0\u1eddng<\/strong>: N\u01b0\u1edbc r\u1eeda ch\u00e9n b\u00e1t c\u1ee7a ch\u00fang t\u00f4i ch\u1ee9a c\u00e1c th\u00e0nh ph\u1ea7n \u0111\u1ea1t chu\u1ea9n an to\u00e0n v\u00e0 kh\u00f4ng g\u00e2y h\u1ea1i cho da tay c\u0169ng nh\u01b0 m\u00f4i tr\u01b0\u1eddng. \u0110i\u1ec1u n\u00e0y gi\u00fap b\u1ea1n y\u00ean t\u00e2m s\u1eed d\u1ee5ng h\u00e0ng ng\u00e0y.<\/li>\n<li><strong>Th\u01a1m M\u00e1t v\u00e0 D\u1ec5 S\u1eed D\u1ee5ng<\/strong>: S\u1ea3n ph\u1ea9m mang trong m\u00ecnh m\u00f9i th\u01a1m d\u1ecbu nh\u1eb9, gi\u00fap mang l\u1ea1i c\u1ea3m gi\u00e1c d\u1ec5 ch\u1ecbu sau m\u1ed7i l\u1ea7n r\u1eeda ch\u00e9n. Thi\u1ebft k\u1ebf chai ti\u1ec7n l\u1ee3i c\u0169ng gi\u00fap b\u1ea1n d\u1ec5 d\u00e0ng ki\u1ec3m so\u00e1t l\u01b0\u1ee3ng s\u1eed d\u1ee5ng.<\/li>\n<\/ul>\n<p><strong><br \/>\nC\u00e1ch S\u1eed D\u1ee5ng \u0110\u01a1n Gi\u1ea3n<\/strong><\/p>\n<ul>\n<li>R\u00f3t m\u1ed9t \u00edt n\u01b0\u1edbc r\u1eeda ch\u00e9n b\u00e1t l\u00ean b\u00e0n ch\u00e9n b\u00e1t.<\/li>\n<li>D\u00f9ng b\u00e0n ch\u1ea3i ho\u1eb7c mi\u1ebfng b\u1ecdt bi\u1ec3n nh\u1eb9 nh\u00e0ng ch\u00e0 r\u1eeda b\u00e1t \u0111\u0129a.<\/li>\n<li>R\u1eeda s\u1ea1ch b\u1eb1ng n\u01b0\u1edbc v\u00e0 \u0111\u1ec3 kh\u00f4 t\u1ef1 nhi\u00ean.<\/li>\n<\/ul>\n<p>&nbsp;<\/p>\n<p>S\u1ea3n ph\u1ea9m\u00a0<strong>N\u01b0\u1edbc R\u1eeda Ch\u00e9n B\u00e1t Arius<\/strong>\u00a0kh\u00f4ng ch\u1ec9 \u0111\u01a1n thu\u1ea7n l\u00e0 n\u01b0\u1edbc r\u1eeda ch\u00e9n, m\u00e0 c\u00f2n l\u00e0 m\u1ed9t \u0111\u1ed1i t\u00e1c \u0111\u00e1ng tin c\u1eady trong vi\u1ec7c duy tr\u00ec s\u1ef1 s\u1ea1ch s\u1ebd v\u00e0 v\u1ec7 sinh cho ng\u00f4i nh\u00e0 c\u1ee7a b\u1ea1n. V\u1edbi hi\u1ec7u qu\u1ea3 v\u01b0\u1ee3t tr\u1ed9i, t\u00ednh an to\u00e0n v\u00e0 ti\u1ec7n l\u1ee3i, \u0111\u1eebng \u0111\u1ec3 b\u00e1t \u0111\u0129a b\u1ea9n tr\u1edf th\u00e0nh g\u00e1nh n\u1eb7ng.<br \/>\nH\u00e3y ch\u1ecdn s\u1ea3n ph\u1ea9m c\u1ee7a ch\u00fang t\u00f4i \u0111\u1ec3 mang l\u1ea1i kh\u00f4ng gian nh\u00e0 b\u1ebfp lu\u00f4n th\u01a1m ngon v\u00e0 s\u1ea1ch s\u1ebd!<\/p>\n","protected":false},"excerpt":{"rendered":"<p>Th\u01b0\u01a1ng Hi\u1ec7u : Arius<br \/>\nDung T\u00edch\u00a0 \u00a0 \u00a0: 750ml<br \/>\nH\u01b0\u01a1ng S\u1eafc\u00a0 \u00a0 : H\u01b0\u01a1ng Chanh T\u01b0\u01a1i<br \/>\nS\u1ea3n Xu\u1ea5t T\u1ea1i C\u00f4ng Ty B\u00e1ch Khoa T&amp;D Vi\u1ec7t Nam<br \/>\nKCN Thu\u1eadn Th\u00e0nh III B\u1eafc Ninh<\/p>\n","protected":false},"featured_media":381,"comment_status":"open","ping_status":"closed","template":"","meta":[],"product_cat":[19],"product_tag":[34,33],"class_list":{"0":"post-380","1":"product","2":"type-product","3":"status-publish","4":"has-post-thumbnail","6":"product_cat-nuoc-rua-chen","7":"product_tag-arius","8":"product_tag-nuoc-rua-chen","10":"first","11":"instock","12":"shipping-taxable","13":"product-type-simple"},"_links":{"self":[{"href":"https:\/\/hoachatbachkhoa.com\/index.php?rest_route=\/wp\/v2\/product\/380","targetHints":{"allow":["GET"]}}],"collection":[{"href":"https:\/\/hoachatbachkhoa.com\/index.php?rest_route=\/wp\/v2\/product"}],"about":[{"href":"https:\/\/hoachatbachkhoa.com\/index.php?rest_route=\/wp\/v2\/types\/product"}],"replies":[{"embeddable":true,"href":"https:\/\/hoachatbachkhoa.com\/index.php?rest_route=%2Fwp%2Fv2%2Fcomments&post=380"}],"wp:featuredmedia":[{"embeddable":true,"href":"https:\/\/hoachatbachkhoa.com\/index.php?rest_route=\/wp\/v2\/media\/381"}],"wp:attachment":[{"href":"https:\/\/hoachatbachkhoa.com\/index.php?rest_route=%2Fwp%2Fv2%2Fmedia&parent=380"}],"wp:term":[{"taxonomy":"product_cat","embeddable":true,"href":"https:\/\/hoachatbachkhoa.com\/index.php?rest_route=%2Fwp%2Fv2%2Fproduct_cat&post=380"},{"taxonomy":"product_tag","embeddable":true,"href":"https:\/\/hoachatbachkhoa.com\/index.php?rest_route=%2Fwp%2Fv2%2Fproduct_tag&post=380"}],"curies":[{"name":"wp","href":"https:\/\/api.w.org\/{rel}","templated":true}]}}